{"id":1063,"date":"2025-02-28T12:46:53","date_gmt":"2025-02-28T11:46:53","guid":{"rendered":"https:\/\/collectif-metis.org\/?page_id=1063"},"modified":"2026-02-10T21:46:00","modified_gmt":"2026-02-10T20:46:00","slug":"nos-soutiens","status":"publish","type":"page","link":"https:\/\/collectif-metis.org\/index.php\/nos-soutiens\/","title":{"rendered":"Nos soutiens"},"content":{"rendered":"\n<p>M\u00e8tis d\u00e9veloppe son action gr\u00e2ce \u00e0 divers bailleurs de fonds<\/p>\n\n\n\n<p><\/p>\n\n\n<div class=\"wp-block-image\">\n<figure class=\"alignleft is-resized\"><img loading=\"lazy\" decoding=\"async\" width=\"1024\" height=\"614\" src=\"https:\/\/collectif-metis.org\/wp-content\/uploads\/2026\/02\/20250219_VIVEA_logo_BM_RVB_SRGB_Vert-1024x614.png\" alt=\"\" class=\"wp-image-1589\" style=\"aspect-ratio:1.6677374701106156;width:275px;height:auto\" srcset=\"https:\/\/collectif-metis.org\/wp-content\/uploads\/2026\/02\/20250219_VIVEA_logo_BM_RVB_SRGB_Vert-1024x614.png 1024w, https:\/\/collectif-metis.org\/wp-content\/uploads\/2026\/02\/20250219_VIVEA_logo_BM_RVB_SRGB_Vert-300x180.png 300w, https:\/\/collectif-metis.org\/wp-content\/uploads\/2026\/02\/20250219_VIVEA_logo_BM_RVB_SRGB_Vert-768x461.png 768w, https:\/\/collectif-metis.org\/wp-content\/uploads\/2026\/02\/20250219_VIVEA_logo_BM_RVB_SRGB_Vert-1536x922.png 1536w, https:\/\/collectif-metis.org\/wp-content\/uploads\/2026\/02\/20250219_VIVEA_logo_BM_RVB_SRGB_Vert-2048x1229.png 2048w\" sizes=\"auto, (max-width: 1024px) 100vw, 1024px\" \/><\/figure>\n<\/div>\n\n\n<p>Sur les actions relevant de la formation professionnelle, M\u00e8tis est soutenu par Viv\u00e9a, le fond d&rsquo;assurance formation des agriculteurs<\/p>\n\n\n\n<div style=\"height:45px\" aria-hidden=\"true\" class=\"wp-block-spacer\"><\/div>\n\n\n<div class=\"wp-block-image\">\n<figure class=\"alignleft is-resized\"><img loading=\"lazy\" decoding=\"async\" width=\"302\" height=\"167\" src=\"https:\/\/collectif-metis.org\/wp-content\/uploads\/2024\/12\/Patagonia.jpeg\" alt=\"\" class=\"wp-image-833\" style=\"aspect-ratio:1.8083124663853551;width:304px;height:auto\" srcset=\"https:\/\/collectif-metis.org\/wp-content\/uploads\/2024\/12\/Patagonia.jpeg 302w, https:\/\/collectif-metis.org\/wp-content\/uploads\/2024\/12\/Patagonia-300x166.jpeg 300w\" sizes=\"auto, (max-width: 302px) 100vw, 302px\" \/><\/figure>\n<\/div>\n\n\n<p>La fondation Patagonia qui soutient des organisations \u00e9cologistes de base accompagne M\u00e8tis depuis 2023<\/p>\n\n\n\n<div style=\"height:61px\" aria-hidden=\"true\" class=\"wp-block-spacer\"><\/div>\n\n\n<div class=\"wp-block-image\">\n<figure class=\"alignleft is-resized\"><img loading=\"lazy\" decoding=\"async\" width=\"1024\" height=\"304\" src=\"https:\/\/collectif-metis.org\/wp-content\/uploads\/2025\/03\/FEADER_cofi-1024x304.jpg\" alt=\"\" class=\"wp-image-1113\" style=\"aspect-ratio:3.368308521765052;width:445px;height:auto\" srcset=\"https:\/\/collectif-metis.org\/wp-content\/uploads\/2025\/03\/FEADER_cofi-1024x304.jpg 1024w, https:\/\/collectif-metis.org\/wp-content\/uploads\/2025\/03\/FEADER_cofi-300x89.jpg 300w, https:\/\/collectif-metis.org\/wp-content\/uploads\/2025\/03\/FEADER_cofi-768x228.jpg 768w, https:\/\/collectif-metis.org\/wp-content\/uploads\/2025\/03\/FEADER_cofi.jpg 1393w\" sizes=\"auto, (max-width: 1024px) 100vw, 1024px\" \/><\/figure>\n<\/div>\n\n\n<p>M\u00e8tis participe sur 2024-2025 au programme \u00ab\u00a0<em>N\u00e9osem : Restaurer et d\u00e9velopper la biodiversit\u00e9 cultiv\u00e9e dans les changements de pratiques agricoles<\/em>\u00a0\u00bb financ\u00e9 par le FEADER<\/p>\n\n\n\n<div style=\"height:61px\" aria-hidden=\"true\" class=\"wp-block-spacer\"><\/div>\n\n\n<div class=\"wp-block-image\">\n<figure class=\"alignleft is-resized\"><img loading=\"lazy\" decoding=\"async\" width=\"298\" height=\"169\" src=\"https:\/\/collectif-metis.org\/wp-content\/uploads\/2023\/08\/logo-CRNA.png\" alt=\"\" class=\"wp-image-538\" style=\"aspect-ratio:1.7632732324350566;width:273px;height:auto\"\/><\/figure>\n<\/div>\n\n\n<p><\/p>\n\n\n\n<p>La r\u00e9gion Nouvelle Aquitaine cofinance le programme r\u00e9gional \u00ab\u00a0<em>Cultivons la biodiversit\u00e9 en Nouvelle- Aquitaine<\/em>\u00a0\u00bb auquel participe M\u00e8tis aux c\u00f4t\u00e9s d&rsquo;autres organisations paysannes et bio n\u00e9o aquitaines.<\/p>\n\n\n\n<div style=\"height:50px\" aria-hidden=\"true\" class=\"wp-block-spacer\"><\/div>\n\n\n<div class=\"wp-block-image\">\n<figure class=\"alignleft size-large is-resized\" style=\"margin-right:0;margin-left:0\"><img loading=\"lazy\" decoding=\"async\" width=\"1024\" height=\"576\" src=\"https:\/\/collectif-metis.org\/wp-content\/uploads\/2026\/02\/Logos-AAPE-2026-1024x576.jpg\" alt=\"\" class=\"wp-image-1597\" style=\"aspect-ratio:1.7777457454857073;width:594px;height:auto\" srcset=\"https:\/\/collectif-metis.org\/wp-content\/uploads\/2026\/02\/Logos-AAPE-2026-1024x576.jpg 1024w, https:\/\/collectif-metis.org\/wp-content\/uploads\/2026\/02\/Logos-AAPE-2026-300x169.jpg 300w, https:\/\/collectif-metis.org\/wp-content\/uploads\/2026\/02\/Logos-AAPE-2026-768x432.jpg 768w, https:\/\/collectif-metis.org\/wp-content\/uploads\/2026\/02\/Logos-AAPE-2026-1536x864.jpg 1536w, https:\/\/collectif-metis.org\/wp-content\/uploads\/2026\/02\/Logos-AAPE-2026.jpg 1920w\" sizes=\"auto, (max-width: 1024px) 100vw, 1024px\" \/><\/figure>\n<\/div>\n\n\n<p>La fondation Terre de liens soutient le programme de M\u00e8tis \u00ab\u00a0<em>R\u00e9g\u00e9n\u00e9rer la fertilit\u00e9 des sols : bl\u00e9s paysans, plantes bio-indicatrices et nouvelles pratiques agro\u00e9cologiques en Gironde et Lot et Garonne<\/em>\u00a0\u00bb (2026-2027)<\/p>\n\n\n\n<p><\/p>\n\n\n\n<p><\/p>\n","protected":false},"excerpt":{"rendered":"<p>M\u00e8tis d\u00e9veloppe son action gr\u00e2ce \u00e0 divers bailleurs de fonds Sur les actions relevant de la formation professionnelle, M\u00e8tis est soutenu par Viv\u00e9a, le fond d&rsquo;assurance formation des agriculteurs La fondation Patagonia qui soutient des organisations \u00e9cologistes de base accompagne M\u00e8tis depuis 2023 M\u00e8tis participe sur 2024-2025 au programme \u00ab\u00a0N\u00e9osem [&hellip;]<\/p>\n","protected":false},"author":1,"featured_media":777,"parent":0,"menu_order":0,"comment_status":"closed","ping_status":"closed","template":"","meta":{"footnotes":""},"class_list":["post-1063","page","type-page","status-publish","has-post-thumbnail","hentry"],"_links":{"self":[{"href":"https:\/\/collectif-metis.org\/index.php\/wp-json\/wp\/v2\/pages\/1063","targetHints":{"allow":["GET"]}}],"collection":[{"href":"https:\/\/collectif-metis.org\/index.php\/wp-json\/wp\/v2\/pages"}],"about":[{"href":"https:\/\/collectif-metis.org\/index.php\/wp-json\/wp\/v2\/types\/page"}],"author":[{"embeddable":true,"href":"https:\/\/collectif-metis.org\/index.php\/wp-json\/wp\/v2\/users\/1"}],"replies":[{"embeddable":true,"href":"https:\/\/collectif-metis.org\/index.php\/wp-json\/wp\/v2\/comments?post=1063"}],"version-history":[{"count":15,"href":"https:\/\/collectif-metis.org\/index.php\/wp-json\/wp\/v2\/pages\/1063\/revisions"}],"predecessor-version":[{"id":1608,"href":"https:\/\/collectif-metis.org\/index.php\/wp-json\/wp\/v2\/pages\/1063\/revisions\/1608"}],"wp:featuredmedia":[{"embeddable":true,"href":"https:\/\/collectif-metis.org\/index.php\/wp-json\/wp\/v2\/media\/777"}],"wp:attachment":[{"href":"https:\/\/collectif-metis.org\/index.php\/wp-json\/wp\/v2\/media?parent=1063"}],"curies":[{"name":"wp","href":"https:\/\/api.w.org\/{rel}","templated":true}]}}

<p>Mètis développe son action grâce à divers bailleurs de fonds</p>



<p></p>


<div class="wp-block-image">
<figure class="alignleft is-resized"><img loading="lazy" decoding="async" width="1024" height="614" src="https://collectif-metis.org/wp-content/uploads/2026/02/20250219_VIVEA_logo_BM_RVB_SRGB_Vert-1024x614.png" alt="" class="wp-image-1589" style="aspect-ratio:1.6677374701106156;width:275px;height:auto" srcset="https://collectif-metis.org/wp-content/uploads/2026/02/20250219_VIVEA_logo_BM_RVB_SRGB_Vert-1024x614.png 1024w, https://collectif-metis.org/wp-content/uploads/2026/02/20250219_VIVEA_logo_BM_RVB_SRGB_Vert-300x180.png 300w, https://collectif-metis.org/wp-content/uploads/2026/02/20250219_VIVEA_logo_BM_RVB_SRGB_Vert-768x461.png 768w, https://collectif-metis.org/wp-content/uploads/2026/02/20250219_VIVEA_logo_BM_RVB_SRGB_Vert-1536x922.png 1536w, https://collectif-metis.org/wp-content/uploads/2026/02/20250219_VIVEA_logo_BM_RVB_SRGB_Vert-2048x1229.png 2048w" sizes="auto, (max-width: 1024px) 100vw, 1024px" /></figure>
</div>


<p>Sur les actions relevant de la formation professionnelle, Mètis est soutenu par Vivéa, le fond d&rsquo;assurance formation des agriculteurs</p>



<div style="height:45px" aria-hidden="true" class="wp-block-spacer"></div>


<div class="wp-block-image">
<figure class="alignleft is-resized"><img loading="lazy" decoding="async" width="302" height="167" src="https://collectif-metis.org/wp-content/uploads/2024/12/Patagonia.jpeg" alt="" class="wp-image-833" style="aspect-ratio:1.8083124663853551;width:304px;height:auto" srcset="https://collectif-metis.org/wp-content/uploads/2024/12/Patagonia.jpeg 302w, https://collectif-metis.org/wp-content/uploads/2024/12/Patagonia-300x166.jpeg 300w" sizes="auto, (max-width: 302px) 100vw, 302px" /></figure>
</div>


<p>La fondation Patagonia qui soutient des organisations écologistes de base accompagne Mètis depuis 2023</p>



<div style="height:61px" aria-hidden="true" class="wp-block-spacer"></div>


<div class="wp-block-image">
<figure class="alignleft is-resized"><img loading="lazy" decoding="async" width="1024" height="304" src="https://collectif-metis.org/wp-content/uploads/2025/03/FEADER_cofi-1024x304.jpg" alt="" class="wp-image-1113" style="aspect-ratio:3.368308521765052;width:445px;height:auto" srcset="https://collectif-metis.org/wp-content/uploads/2025/03/FEADER_cofi-1024x304.jpg 1024w, https://collectif-metis.org/wp-content/uploads/2025/03/FEADER_cofi-300x89.jpg 300w, https://collectif-metis.org/wp-content/uploads/2025/03/FEADER_cofi-768x228.jpg 768w, https://collectif-metis.org/wp-content/uploads/2025/03/FEADER_cofi.jpg 1393w" sizes="auto, (max-width: 1024px) 100vw, 1024px" /></figure>
</div>


<p>Mètis participe sur 2024-2025 au programme « <em>Néosem : Restaurer et développer la biodiversité cultivée dans les changements de pratiques agricoles</em> » financé par le FEADER</p>



<div style="height:61px" aria-hidden="true" class="wp-block-spacer"></div>


<div class="wp-block-image">
<figure class="alignleft is-resized"><img loading="lazy" decoding="async" width="298" height="169" src="https://collectif-metis.org/wp-content/uploads/2023/08/logo-CRNA.png" alt="" class="wp-image-538" style="aspect-ratio:1.7632732324350566;width:273px;height:auto"/></figure>
</div>


<p></p>



<p>La région Nouvelle Aquitaine cofinance le programme régional « <em>Cultivons la biodiversité en Nouvelle- Aquitaine</em> » auquel participe Mètis aux côtés d&rsquo;autres organisations paysannes et bio néo aquitaines.</p>



<div style="height:50px" aria-hidden="true" class="wp-block-spacer"></div>


<div class="wp-block-image">
<figure class="alignleft size-large is-resized" style="margin-right:0;margin-left:0"><img loading="lazy" decoding="async" width="1024" height="576" src="https://collectif-metis.org/wp-content/uploads/2026/02/Logos-AAPE-2026-1024x576.jpg" alt="" class="wp-image-1597" style="aspect-ratio:1.7777457454857073;width:594px;height:auto" srcset="https://collectif-metis.org/wp-content/uploads/2026/02/Logos-AAPE-2026-1024x576.jpg 1024w, https://collectif-metis.org/wp-content/uploads/2026/02/Logos-AAPE-2026-300x169.jpg 300w, https://collectif-metis.org/wp-content/uploads/2026/02/Logos-AAPE-2026-768x432.jpg 768w, https://collectif-metis.org/wp-content/uploads/2026/02/Logos-AAPE-2026-1536x864.jpg 1536w, https://collectif-metis.org/wp-content/uploads/2026/02/Logos-AAPE-2026.jpg 1920w" sizes="auto, (max-width: 1024px) 100vw, 1024px" /></figure>
</div>


<p>La fondation Terre de liens soutient le programme de Mètis « <em>Régénérer la fertilité des sols : blés paysans, plantes bio-indicatrices et nouvelles pratiques agroécologiques en Gironde et Lot et Garonne</em> » (2026-2027)</p>



<p></p>



<p></p>

<p>Mètis développe son action grâce à divers bailleurs de fonds Sur les actions relevant de la formation professionnelle, Mètis est soutenu par Vivéa, le fond d&rsquo;assurance formation des agriculteurs La fondation Patagonia qui soutient des organisations écologistes de base accompagne Mètis depuis 2023 Mètis participe sur 2024-2025 au programme « Néosem [&hellip;]</p>
