{"id":577,"date":"2023-11-10T15:08:27","date_gmt":"2023-11-10T14:08:27","guid":{"rendered":"https:\/\/collectif-metis.org\/?page_id=577"},"modified":"2026-02-14T10:33:12","modified_gmt":"2026-02-14T09:33:12","slug":"partenariats","status":"publish","type":"page","link":"https:\/\/collectif-metis.org\/index.php\/partenariats\/","title":{"rendered":"Partenariats"},"content":{"rendered":"\n<h2 class=\"wp-block-heading\">Les organisations paysannes et bio partenaires<\/h2>\n\n\n\n<div class=\"wp-block-media-text is-stacked-on-mobile\" style=\"grid-template-columns:22% auto\"><figure class=\"wp-block-media-text__media\"><img loading=\"lazy\" decoding=\"async\" width=\"203\" height=\"248\" src=\"https:\/\/collectif-metis.org\/wp-content\/uploads\/2026\/02\/logo-NACBD.jpeg\" alt=\"\" class=\"wp-image-1580 size-full\"\/><\/figure><div class=\"wp-block-media-text__content\">\n<p>Le R\u00e9seau<strong> Cultivons la biodiversit\u00e9 en Nouvelle-Aquitaine <\/strong>(CBD NA) est un programme r\u00e9gional qui r\u00e9unit 6 associations \u0153uvrant \u00e0 l&rsquo;exp\u00e9rimentation, la s\u00e9lection et la r\u00e9appropriation des savoir-faire sur les vari\u00e9t\u00e9s paysannes (Agrobio P\u00e9rigord, ALPAD, BLE, Cultivons la biodiversit\u00e9 en Poitou Charente, M\u00e8tis, 1001 Semences Limousines).<\/p>\n<\/div><\/div>\n\n\n\n<div class=\"wp-block-media-text is-stacked-on-mobile\" style=\"grid-template-columns:20% auto\"><figure class=\"wp-block-media-text__media\"><a href=\"https:\/\/www.gab65.com\/\" target=\"_blank\" rel=\" noreferrer noopener\"><img loading=\"lazy\" decoding=\"async\" width=\"208\" height=\"208\" src=\"https:\/\/collectif-metis.org\/wp-content\/uploads\/2026\/02\/logo-GAB-65.jpeg\" alt=\"\" class=\"wp-image-1581 size-full\" srcset=\"https:\/\/collectif-metis.org\/wp-content\/uploads\/2026\/02\/logo-GAB-65.jpeg 208w, https:\/\/collectif-metis.org\/wp-content\/uploads\/2026\/02\/logo-GAB-65-150x150.jpeg 150w\" sizes=\"auto, (max-width: 208px) 100vw, 208px\" \/><\/a><\/figure><div class=\"wp-block-media-text__content\">\n<p><strong>Le GAB 65<\/strong> est une association de d\u00e9veloppement de l\u2019agriculture et de l\u2019alimentation biologique qui regroupe les acteurs de la bio du d\u00e9partement des Hautes-Pyr\u00e9n\u00e9es<\/p>\n<\/div><\/div>\n\n\n\n<div class=\"wp-block-media-text is-stacked-on-mobile\" style=\"grid-template-columns:21% auto\"><figure class=\"wp-block-media-text__media\"><a href=\"https:\/\/www.moulinastrie.fr\/\" target=\"_blank\" rel=\" noreferrer noopener\"><img loading=\"lazy\" decoding=\"async\" width=\"250\" height=\"248\" src=\"https:\/\/collectif-metis.org\/wp-content\/uploads\/2026\/02\/AMA.png\" alt=\"\" class=\"wp-image-1582 size-full\" srcset=\"https:\/\/collectif-metis.org\/wp-content\/uploads\/2026\/02\/AMA.png 250w, https:\/\/collectif-metis.org\/wp-content\/uploads\/2026\/02\/AMA-150x150.png 150w\" sizes=\"auto, (max-width: 250px) 100vw, 250px\" \/><\/a><\/figure><div class=\"wp-block-media-text__content\">\n<p><strong>L\u2019association Moulin Astri\u00e9<\/strong> regroupe des personnes physiques qui \u0153uvrent collectivement \u00e0 la p\u00e9rennit\u00e9 des principes techniques de conception des moulins invent\u00e9s et con\u00e7us par Pierre et Andr\u00e9 Astri\u00e9.<\/p>\n\n\n\n<p><\/p>\n<\/div><\/div>\n\n\n\n<div class=\"wp-block-media-text is-stacked-on-mobile\" style=\"grid-template-columns:30% auto\"><figure class=\"wp-block-media-text__media\"><a href=\"https:\/\/www.semencespaysannes.org\/\" target=\"_blank\" rel=\" noreferrer noopener\"><img loading=\"lazy\" decoding=\"async\" width=\"1024\" height=\"524\" src=\"https:\/\/collectif-metis.org\/wp-content\/uploads\/2026\/02\/RSP-1024x524.jpg\" alt=\"\" class=\"wp-image-1583 size-full\" srcset=\"https:\/\/collectif-metis.org\/wp-content\/uploads\/2026\/02\/RSP-1024x524.jpg 1024w, https:\/\/collectif-metis.org\/wp-content\/uploads\/2026\/02\/RSP-300x153.jpg 300w, https:\/\/collectif-metis.org\/wp-content\/uploads\/2026\/02\/RSP-768x393.jpg 768w, https:\/\/collectif-metis.org\/wp-content\/uploads\/2026\/02\/RSP-1536x785.jpg 1536w, https:\/\/collectif-metis.org\/wp-content\/uploads\/2026\/02\/RSP.jpg 1625w\" sizes=\"auto, (max-width: 1024px) 100vw, 1024px\" \/><\/a><\/figure><div class=\"wp-block-media-text__content\">\n<p>Le <strong>R\u00e9seau Semences Paysannes <\/strong>est un r\u00e9seau constitu\u00e9 de plus de soixante-dix organisations, toutes impliqu\u00e9es dans des initiatives de promotion et de d\u00e9fense de la biodiversit\u00e9 cultiv\u00e9e et des savoir-faire associ\u00e9s.<\/p>\n<\/div><\/div>\n\n\n\n<h2 class=\"wp-block-heading\">Les chercheurs et enseignants partenaires<\/h2>\n\n\n\n<p>Cyril Firmat travaille \u00e0 l\u2019INRAE (UMR AGIR) sur l\u2019usage de la diversit\u00e9 domestique, accompagne des agriculteurs et des animateurs dans leurs questionnements et leurs d\u00e9marches vers l\u2019autonomie individuelle et collective, collabore notamment avec M\u00e8tis dans le cadre de la formation en construction sur \u00ab&nbsp;les moyens d\u2019agir et d\u2019exp\u00e9rimenter pour renforcer l\u2019autonomie individuelle et collective&nbsp;dans les activit\u00e9s agricoles \u00bb.<\/p>\n\n\n\n<p>Simon Giuliano, enseignant chercheur \u00e0 l\u2019\u00e9cole d\u2019ing\u00e9nieurs de Purpan, est agronome et coordonne le parcours de master \u00ab transition agro\u00e9cologique \u00bb. Il organise avec M\u00e8tis des interventions aupr\u00e8s des \u00e9tudiants ainsi que des visites de fermes engag\u00e9es dans une d\u00e9marche d\u2019autonomie et cultivant des semences paysannes.<\/p>\n\n\n\n<p>Isabelle Goldringer, directrice de recherche \u00e0 l\u2019INRAE, est g\u00e9n\u00e9ticienne des populations et travaille depuis 20 ans en collaboration avec des collectifs membres du R\u00e9seau Semences Paysannes dans des projets de recherche participative sur les c\u00e9r\u00e9ales. Isabelle nous accompagne dans la mise en place de la s\u00e9lection mutualiste.<\/p>\n\n\n\n<figure class=\"wp-block-image size-large\"><img loading=\"lazy\" decoding=\"async\" width=\"1024\" height=\"576\" src=\"https:\/\/collectif-metis.org\/wp-content\/uploads\/2022\/10\/Poulard-auvergne-1024x576.jpg\" alt=\"\" class=\"wp-image-384\" srcset=\"https:\/\/collectif-metis.org\/wp-content\/uploads\/2022\/10\/Poulard-auvergne-1024x576.jpg 1024w, https:\/\/collectif-metis.org\/wp-content\/uploads\/2022\/10\/Poulard-auvergne-300x169.jpg 300w, https:\/\/collectif-metis.org\/wp-content\/uploads\/2022\/10\/Poulard-auvergne-768x432.jpg 768w, https:\/\/collectif-metis.org\/wp-content\/uploads\/2022\/10\/Poulard-auvergne-1536x864.jpg 1536w, https:\/\/collectif-metis.org\/wp-content\/uploads\/2022\/10\/Poulard-auvergne.jpg 1920w\" sizes=\"auto, (max-width: 1024px) 100vw, 1024px\" \/><figcaption class=\"wp-element-caption\"><em>Photo: bl\u00e9 poulard d&rsquo;Auvergne<\/em><\/figcaption><\/figure>\n","protected":false},"excerpt":{"rendered":"<p>Les organisations paysannes et bio partenaires Le R\u00e9seau Cultivons la biodiversit\u00e9 en Nouvelle-Aquitaine (CBD NA) est un programme r\u00e9gional qui r\u00e9unit 6 associations \u0153uvrant \u00e0 l&rsquo;exp\u00e9rimentation, la s\u00e9lection et la r\u00e9appropriation des savoir-faire sur les vari\u00e9t\u00e9s paysannes (Agrobio P\u00e9rigord, ALPAD, BLE, Cultivons la biodiversit\u00e9 en Poitou Charente, M\u00e8tis, 1001 Semences [&hellip;]<\/p>\n","protected":false},"author":1,"featured_media":0,"parent":0,"menu_order":0,"comment_status":"closed","ping_status":"closed","template":"","meta":{"footnotes":""},"class_list":["post-577","page","type-page","status-publish","hentry"],"_links":{"self":[{"href":"https:\/\/collectif-metis.org\/index.php\/wp-json\/wp\/v2\/pages\/577","targetHints":{"allow":["GET"]}}],"collection":[{"href":"https:\/\/collectif-metis.org\/index.php\/wp-json\/wp\/v2\/pages"}],"about":[{"href":"https:\/\/collectif-metis.org\/index.php\/wp-json\/wp\/v2\/types\/page"}],"author":[{"embeddable":true,"href":"https:\/\/collectif-metis.org\/index.php\/wp-json\/wp\/v2\/users\/1"}],"replies":[{"embeddable":true,"href":"https:\/\/collectif-metis.org\/index.php\/wp-json\/wp\/v2\/comments?post=577"}],"version-history":[{"count":8,"href":"https:\/\/collectif-metis.org\/index.php\/wp-json\/wp\/v2\/pages\/577\/revisions"}],"predecessor-version":[{"id":1612,"href":"https:\/\/collectif-metis.org\/index.php\/wp-json\/wp\/v2\/pages\/577\/revisions\/1612"}],"wp:attachment":[{"href":"https:\/\/collectif-metis.org\/index.php\/wp-json\/wp\/v2\/media?parent=577"}],"curies":[{"name":"wp","href":"https:\/\/api.w.org\/{rel}","templated":true}]}}